Is 950081 a prime number?
False
Is 2039057 a composite number?
False
Is 214272731 prime?
True
Is 46592897 a composite number?
True
Is 18065503 a composite number?
False
Is 17806399 prime?
False
Is 45396959 prime?
False
Is 4000501 a composite number?
True
Is 251263001 prime?
False
Is 54866377 a prime number?
True
Is 173314169 a prime number?
False
Is 3517511 a prime number?
False
Is 432689 composite?
True
Is 11499317 composite?
False
Is 5595287 composite?
True
Is 10612495 a composite number?
True
Is 72544403 a composite number?
True
Is 17464453 a prime number?
True
Is 5598373 composite?
True
Is 1230521 prime?
True
Is 44317037 prime?
True
Is 165186997 prime?
True
Is 98323961 a composite number?
False
Is 13779923 prime?
False
Is 11132563 prime?
False
Is 1686439 a composite number?
False
Is 300799 prime?
True
Is 10038941 a composite number?
True
Is 1265801 a composite number?
False
Is 159180181 composite?
True
Is 20080465 prime?
False
Is 2679203 a prime number?
False
Is 60318353 prime?
False
Is 57091207 prime?
True
Is 2713229 a composite number?
True
Is 53749669 composite?
False
Is 664894 composite?
True
Is 20485427 prime?
True
Is 74529599 a prime number?
False
Is 4151789 composite?
True
Is 656486 a prime number?
False
Is 29872379 a composite number?
False
Is 79407851 composite?
True
Is 498594431 prime?
True
Is 3282119 a composite number?
True
Is 2543453 prime?
False
Is 1036549 a prime number?
False
Is 1878271 prime?
False
Is 984030193 prime?
False
Is 179475541 prime?
False
Is 9946901 a composite number?
False
Is 498343 prime?
True
Is 18983173 prime?
False
Is 14339323 a prime number?
True
Is 1762843 composite?
False
Is 30476191 a composite number?
False
Is 595302893 a composite number?
True
Is 1108606 composite?
True
Is 477263243 a composite number?
False
Is 19421081 a composite number?
False
Is 7879769 a prime number?
False
Is 7065767 a composite number?
False
Is 8985833 composite?
False
Is 893671 a composite number?
False
Is 4945331 composite?
True
Is 8575627 a prime number?
True
Is 2367097 a prime number?
False
Is 185489599 a prime number?
False
Is 121229 prime?
True
Is 701473 a composite number?
False
Is 1338613 composite?
True
Is 10231613 a composite number?
True
Is 1610501 a prime number?
True
Is 261962003 a prime number?
False
Is 5352533 prime?
True
Is 12272353 composite?
True
Is 10015031 a composite number?
True
Is 134401061 prime?
True
Is 1436507 composite?
False
Is 56146609 composite?
True
Is 899993 a prime number?
False
Is 7680767 composite?
True
Is 7725997 a prime number?
True
Is 89031043 a prime number?
False
Is 1345759 a composite number?
False
Is 6334565 a prime number?
False
Is 4504699 composite?
False
Is 64634701 prime?
False
Is 15202739 composite?
True
Is 4811363 prime?
True
Is 10477723 a composite number?
False
Is 455186309 a prime number?
True
Is 568349 a prime number?
True
Is 9019847 a prime number?
True
Is 1232243 a composite number?
False
Is 9592057 a composite number?
False
Is 109168579 composite?
True
Is 3494053 prime?
True
Is 7506133 prime?
True
Is 28380041 prime?
False
Is 3492217 a prime number?
False
Is 8521589 a prime number?
True
Is 102797689 a composite number?
False
Is 2056499 a composite number?
True
Is 2830723 composite?
True
Is 8092243 composite?
False
Is 6638959 composite?
True
Is 54558781 composite?
True
Is 3714257 prime?
False
Is 2122697 a composite number?
False
Is 13585489 a prime number?
True
Is 3916253 composite?
True
Is 256163 prime?
True
Is 2973887 composite?
True
Is 902124901 composite?
False
Is 8478055 a prime number?
False
Is 176285 composite?
True
Is 7685753 prime?
False
Is 52021831 prime?
True
Is 300643271 composite?
True
Is 810643 prime?
True
Is 21841249 a composite number?
True
Is 91591271 composite?
True
Is 28012793 prime?
True
Is 354089 composite?
True
Is 185495027 prime?
True
Is 23386983 a composite number?
True
Is 173297407 a prime number?
False
Is 717827 prime?
False
Is 2977337 a composite number?
True
Is 200623 composite?
True
Is 35730757 composite?
False
Is 1006483 a composite number?
True
Is 301349 a composite number?
False
Is 2294819 a composite number?
False
Is 356339537 composite?
False
Is 12316291 composite?
True
Is 23599721 a prime number?
True
Is 4477133 a prime number?
True
Is 9894293 prime?
True
Is 27413135 a composite number?
True
Is 22981061 prime?
True
Is 35770377 a prime number?
False
Is 68431133 composite?
True
Is 4232423 a composite number?
True
Is 75610831 a prime number?
True
Is 8572009 composite?
False
Is 124588559 a composite number?
False
Is 50423601 a composite number?
True
Is 28087687 prime?
False
Is 27356611 a composite number?
False
Is 166208213 prime?
True
Is 18488233 a prime number?
True
Is 3847091 composite?
True
Is 105523697 a prime number?
False
Is 75930203 a composite number?
False
Is 10974751 a composite number?
False
Is 2249647 a composite number?
True
Is 2247109 a composite number?
False
Is 10649041 prime?
False
Is 9939233 a composite number?
True
Is 4187849 a composite number?
True
Is 240515437 prime?
True
Is 45335959 composite?
False
Is 944064709 a composite number?
True
Is 6939437 composite?
False
Is 358773 a composite number?
True
Is 168580367 composite?
True
Is 3338263 composite?
False
Is 2760343 composite?
True
Is 8769837 composite?
True
Is 30931451 prime?
True
Is 1207439 composite?
False
Is 405519 a prime number?
False
Is 3706369 a composite number?
False
Is 10169422 prime?
False
Is 2199521 composite?
False
Is 14144486 prime?
False
Is 2944213 composite?
True
Is 14383147 prime?
True
Is 5888437 a composite number?
True
Is 21953843 a prime number?
True
Is 634920053 a composite number?
False
Is 26785637 a prime number?
True
Is 38801227 a composite number?
True
Is 14270237 a prime number?
False
Is 2491171 composite?
False
Is 398424269 a composite number?
False
Is 8097637 a prime number?
True
Is 189107797 a composite number?
False
Is 104573659 a prime number?
True
Is 118891499 prime?
False
Is 38697397 composite?
True
Is 259923323 prime?
False
Is 11075419 a prime number?
False
Is 8545787 composite?
False
Is 4689547 a composite number?
False
Is 1729661 prime?
False
Is 799441961 composite?
False
Is 47630021 composite?
False
Is 25551727 a prime number?
True
Is 3523691 composite?
False
Is 36861227 a composite number?
True
Is 1511733 prime?
False
Is 416107687 prime?
True
Is 2239214 prime?
False
Is 237013649 composite?
False
Is 27437021 prime?
True
Is 97792003 composite?
True
Is 35481317 prime?
True
Is 1774073 a prime number?
False
Is 48704299 a composite number?
True
Is 6165169 a composite number?
True
Is 122042189 a composite number?
True
Is 3128771 a composite number?
True
Is 784258979 prime?
False
Is 32926741 a composite number?
False
Is 12116953 prime?
True
Is 8339159 a prime number?
True
Is 8484661 a composite number?
False
Is 89271371 a composite number?
True
Is 170327 a prime number?
True
Is 161808721 composite?
False
Is 476134643 prime?
True
Is 11543713 a prime number?
True
Is 979614451 a composite number?
False
Is 6429751 a composite number?
True
Is 291145957 a composite number?
True
Is 148302058 composite?
True
Is 3091783 a composite number?
True
Is 166298291 prime?
False
Is 41975917 a composite number?
False
Is 1186489 a composite number?
False
Is 88706989 a prime number?
False
Is 18660067 composite?
True
Is 6445742 a prime number?
False
Is 14266529 a composite number?
False
Is 52342153 composite?
True
Is 50401279 a prime number?
True
Is 215917877 composite?
True
Is 2547247 a prime number?
True
Is 5738594 a prime number?
False
Is 33309521 a prime number?
False
Is 1979837 a composite number?
True
Is 27517211 a prime number?
True
Is 6018517 composite?
True
Is 53372801 composite?
True
Is 68747353 prime?
True
Is 39526733 composite?
False
Is 1577813 a prime number?
True
Is 418837 composite?
False
Is 48469273 composite?
True
Is 8916329 a prime number?
True
Is 1618059907 a composite number?
False
Is 3507107 prime?
False
Is 3989371 a prime number?
True
Is 3895759 a composite number?
True
Is 56373287 composite?
False
Is 36212753 a prime number?
True
Is 2418137 a prime number?
True
Is 180390241 composite?
True
Is 1428709 a composite number?
False
Is 378597 composite?
True
Is 382121 a composite number?
True
Is 3094979 prime?
False
Is 8246059 prime?
True
Is 1